q(r)?
False
Let n(z) = -2*z**2 - 4*z + 1. Let y be n(-3). Let t be (12/15)/((-2)/y). Suppose -4*h - t*x + 168 = 0, 5*h = 4*x + 196 + 40. Is 18 a factor of h?
False
Let a(j) = j**2 + 6*j - 6. Let k be a(-7). Let t = k + -5. Let o(c) = -5*c - 2. Is o(t) a multiple of 6?
True
Let u = -12 + 16. Suppose -i = 2*i - 4*j - 113, 4*i - 156 = u*j. Is 15 a factor of i?
False
Suppose 6*w = 222 + 60. Does 26 divide w?
False
Suppose -w - 1 = 2*c - 4, 15 = 3*w + 3*c. Let u = w - -11. Suppose 2*n - 2*p = u, -6*n + 85 = -n + 3*p. Is n a multiple of 7?
True
Let g(k) = k**3 + 7*k**2 + 7*k. Let p(v) = -v**3 + 8*v**2 - 8*v + 2. Let o be p(7). Is g(o) a multiple of 6?
False
Suppose -4*c - 12 = -2*p + 8, 4*p - 3*c - 15 = 0. Suppose p = -j + 2*j - 76. Suppose 4*w = 5*s - j, 3*s - 60 = -s + 4*w. Is 16 a factor of s?
True
Suppose -a = 9*a - 280. Is 14 a factor of a?
True
Let a(s) = -2 + 2 + 19*s. Let u be a(-1). Let k = 27 + u. Does 4 divide k?
True
Let l(g) = g**3 - g - 1. Suppose -3 = 4*u - 15. Does 23 divide l(u)?
True
Let g(x) = 4*x**3 - 2 - 5*x**3 + x - 2*x**3 - 2*x. Let o be g(-2). Let h = 12 + o. Does 18 divide h?
True
Let i be -2 - -2 - 100/1. Let d = -51 - i. Let g = d - 29. Is g a multiple of 7?
False
Let q(c) be the third derivative of c**5/30 - c**4/12 - 7*c**3/2 + 2*c**2. Let s(v) = v**2 - v - 10. Let n(o) = -3*q(o) + 7*s(o). Does 13 divide n(5)?
True
Is 7/(-42) + 1389/18 a multiple of 25?
False
Suppose 84 = -4*l + 6*l. Does 7 divide l?
True
Let u = -17 - -38. Suppose u = d - 9. Is 15 a factor of d?
True
Suppose 5*j - 10 = 5*r, r + 2*j = 3 + 4. Let y be r/(2/18) - 1. Suppose 0 = -7*a + 3*a + y, -b - 4*a = -23. Does 15 divide b?
True
Let t(a) = a**3 + 5*a**2 + 4*a + 5. Let v be t(-4). Suppose 0 = v*y - 39 - 61. Is 6 a factor of y?
False
Suppose -a + 11 - 6 = 0. Suppose -33 = 2*j - a*j. Is 8 a factor of j?
False
Let q be (-64)/6 - (-1)/(-3). Let n = 47 - 21. Let r = q + n. Does 7 divide r?
False
Let x be (-3)/(2 - (-14)/(-4)). Suppose -3*m = -x*y - m + 8, 2*y - m - 9 = 0. Suppose y*g + 4*u = 139, -2*g = -g + 5*u - 32. Does 11 divide g?
False
Let q(t) be the first derivative of 16*t**2 + 2*t - 8. Is 17 a factor of q(1)?
True
Let b be 4 - (4 - (-60)/(-4)). Is 15 a factor of b/(-2)*(-2 - 0)?
True
Let j(r) = -r**3 + 9*r**2 - 12*r + 3. Is 14 a factor of j(5)?
False
Let b(a) = 3*a**2 - 5*a + 2. Let n = -7 + 11. Suppose -n*d - 4*x = -x - 21, -5*d + 9 = -2*x. Does 4 divide b(d)?
False
Let z(m) = -m**2 + 12*m - 4. Does 8 divide z(7)?
False
Let y(p) = p**3 - 10*p**2 + 5*p + 4. Let v(a) = 6*a - 2. Let c be v(2). Is 27 a factor of y(c)?
True
Let i(b) = 7*b + 3 - 5 + 11. Let p be i(7). Suppose 4*v - 198 = -p. Is v a multiple of 16?
False
Let r be 12/3 - 0 - 2. Let v(l) = -9 + r*l + 0 + 5*l. Is v(7) a multiple of 13?
False
Is 25*((-8)/(-12) + (-1)/(-3)) a multiple of 25?
True
Suppose -8 - 7 = 5*b. Let d be (-15)/2*(-4)/b. Let a = d + 16. Is a a multiple of 6?
True
Let w = 1 + 1. Suppose w*u - 6 = -2*x, -2*u = x - 5*u + 9. Suppose -2*t + 29 + 1 = x. Is t a multiple of 15?
True
Let s be 1/((6/(-14))/3). Let m(y) = y**2 + 10*y + 10. Let q be m(s). Let d = 15 + q. Is d even?
True
Is 3 a factor of 3/5 - -2 - (-2)/5?
True
Let x(y) = -y - 2. Let t be x(-4). Suppose 5*j - 41 = t*w, 2*w + 38 = 4*j + 3*w. Let o = j - 6. Is o a multiple of 2?
False
Let r(a) = a**2 - 7*a + 9. Let n be r(6). Suppose -n*h + 20 = -8*h. Let l(s) = -4*s + 1. Is 17 a factor of l(h)?
True
Let m = 15 - 10. Let w(f) = -f**3 + 8*f**2 - 5*f - 7. Is 22 a factor of w(m)?
False
Suppose 32 = -3*k + 4*k. Let z = 87 - k. Is z a multiple of 22?
False
Let x(i) = 6*i**3 - i - 1. Let a be x(-1). Let q(s) be the third derivative of s**6/120 + 2*s**5/15 + s**4/4 - s**3 + s**2. Is 15 a factor of q(a)?
True
Let f(c) = 2*c**2 - 8*c - 4. Is 11 a factor of f(6)?
False
Let d = 63 + -44. Does 19 divide d?
True
Suppose -5*t + 7 = -3. Suppose 48 = t*j + j. Suppose -2*f + o + j = 4*o, -2*f = -5*o - 32. Is 11 a factor of f?
True
Suppose 3*y + y + 71 = 5*p, -4*y + 4 = 0. Is p a multiple of 3?
True
Let j = -16 + 11. Let c(s) = -4*s - 6. Is c(j) a multiple of 9?
False
Let x = 15 + -11. Suppose 2*g + x = 4*g. Is 0/g + -1 + 40 a multiple of 15?
False
Let x = 7 - 5. Suppose 3*t - 4*t - z - x = 0, 3*z = -2*t - 8. Is t a multiple of 2?
True
Suppose g = -2*c + 42, 2*g = -3*c + 31 + 32. Does 7 divide c?
True
Let k be 2 + 1/(-1) - -2. Suppose -k*t - 23 = -95. Does 24 divide t?
True
Let a be 25/(0 + 5 + -4). Suppose n - 2*q + 0*q = a, -113 = -5*n - 2*q. Does 13 divide n?
False
Let u = 96 - 65. Is u a multiple of 6?
False
Let b(a) be the second derivative of -a**4/12 - 4*a**3/3 + a**2 - a. Let p be -4*1 + -2*1. Is b(p) a multiple of 5?
False
Let t be 6/3 - 0/2. Suppose 8 = -h + t*h. Does 5 divide h?
False
Suppose -5*a + 3 = -0*a + 2*c, 0 = -3*c - 3. Is 15 a factor of (3/2)/a*20?
True
Let t(h) = -1. Let s(x) = 4*x + 7. Let a(n) = -s(n) - 4*t(n). Suppose u + 30 = -4*u. Is 8 a factor of a(u)?
False
Does 19 divide 45 + -1 - 4 - 1?
False
Let y(k) = -2*k + 2. Let l be y(1). Suppose l = z + 4*z - 465. Does 25 divide z?
False
Suppose y = -4*s + 18, 1 = s + 4. Does 6 divide y?
True
Suppose -3*n - 4*n = -721. Is n a multiple of 13?
False
Let l be (1*-8)/(18/(-135)). Suppose 3*k + 3 = l. Is k a multiple of 10?
False
Let l = -33 - -62. Let d = -15 + l. Is d a multiple of 7?
True
Let b = 43 - 27. Does 4 divide b?
True
Suppose 1 = 3*u - 8. Suppose -3*i = 2*o + 2, -i + u*o + 4 = 1. Suppose 5*k + i = 70. Is k a multiple of 5?
False
Let p(s) = 2*s - 2. Let d be p(2). Suppose -d*r = -2*w - 26, -70 = -4*r - 2*w - 3*w. Does 4 divide r?
False
Let j be (-4)/(-26) - 185/(-65). Suppose 0 = -j*u + 15 + 39. Is 10 a factor of u?
False
Does 19 divide 568/10 + (-1)/(-5)?
True
Suppose -4*p = 5*n + 480, 0*n + 373 = -4*n - p. Is 3 a factor of n/(-20) + 2/5?
False
Is 10/(-8)*20/(-5) a multiple of 3?
False
Let z be 6/(-4)*(-20)/3. Suppose 2*o - 30 = 18. Let d = o - z. Is d a multiple of 14?
True
Let o = 170 - 100. Is o a multiple of 13?
False
Let y(s) = -s + 5. Let c be y(5). Suppose -3*x + 0*x + 48 = c. Is x a multiple of 8?
True
Let g be -2*2*10 - -1. Let f be -1 - 4/(-3) - (-1300)/(-75). Let d = f - g. Is 10 a factor of d?
False
Suppose -3*i + 13 = 2*b - b, 39 = 3*b + 3*i. Suppose -4*u = -5*m - 17, 2*m = -2*u + 4*u - 6. Let o = b + m. Does 5 divide o?
False
Let b be ((-11)/2)/((-3)/30). Let n = -31 + b. Is 8 a factor of n?
True
Let g = -9 + 167. Does 27 divide g?
False
Let t(j) = -6*j - 3. Let p be t(-4). Suppose -3*x - 4*g = x + 12, -p = 2*x + 5*g. Suppose -2*z + 6 = 0, -5*n + 0*n = x*z - 146. Is n a multiple of 14?
True
Let j be 13/2 - (-3)/6. Let k be (-9)/(-6) - j/2. Does 3 divide (-2)/(-4) + (-11)/k?
True
Let m(k) = 4 - 5 - k + 2*k + 19. Is m(-8) a multiple of 5?
True
Let d(l) = l**3 - 4*l**2 - 8*l - 5. Suppose -2*u + 0 + 12 = 0. Suppose -y = 2*p - 16, u = 2*y - p - 1. Does 12 divide d(y)?
False
Suppose -25 = -4*u - 3*k, -k = -5*u - 6*k + 35. Suppose 116 = -0*c + u*c - 4*z, 2*c - 60 = 4*z. Is 7 a factor of c?
True
Let m(g) = -2*g**3 - 62*g**2 - 12*g + 15. Is 43 a factor of m(-31)?
True
Suppose 3*d - 2*n + 2 = 9, -5 = -2*d + n. Let m = d + -3. Suppose 0 = -2*b + 2*s + 12, 4*s = -b - m*b + 31. Does 7 divide b?
False
Let i(k) = 6*k**2 - 6*k + 7. Let w(y) = 13*y**2 - 13*y + 15. Let d(p) = 9*i(p) - 4*w(p). Is 7 a factor of d(2)?
True
Let q(p) = -5*p**3 - 5*p**2 - 2*p + 1. Is q(-3) a multiple of 37?
False
Suppose 5 - 1 = 2*o. Suppose -5*c + 3 = -o*c. Suppose -5*x = 3*i - c, x - 4 - 1 = i. Is x even?
True
Let c = 116 + -65. Is c a multiple of 17?
True
Does 8 divide (-138)/(-9) - 3/9?
False
Suppose -4*c + 52 = 4*m, -3*c - 5*m = -8*c + 35. Let s = 18 - c. Suppose 0 = 2*t - 3*t + s. Is t a multiple of 4?
True
Let i(f) = f**2 + 2*f + 22. Is 22 a factor of i(0)?
True
Let r(m) = m**3 - 9*m**2 + 8*m + 6. Let a be r(8). Let q(b) = 2*b - 8. Let f be q(a). Suppose 64 = f*c - 48. Is c a multiple of 12?
False
Let h be (0 + -2)*(0 - 2). Let l = h + -1. Suppose r + 32 = 5*u, l*r + 28 = 3*u - 2*r. Is u a multiple of 2?
True
Let m(u) = u**3 - 3*u**2 + 2. Let l be m(2). Let o be 10 + 2*1/l. Is o/2*(-12)/(-9) a multiple of 3?
True
Let q = -2 + 5. Let z = 5 - q. Suppose 0 = -2*j + z*a + 28, 2*j - j - 11 = 4*a. Is j a multiple of 15?
True
Let m be 123/4*(-176)/(-33). Suppose b = -2*u + 155, 2*u